{"id":209,"date":"2026-01-07T04:53:07","date_gmt":"2026-01-07T04:53:07","guid":{"rendered":"https:\/\/discgolfhyvinkaa.net\/New\/?page_id=209"},"modified":"2026-01-07T06:58:49","modified_gmt":"2026-01-07T06:58:49","slug":"jasenedut","status":"publish","type":"page","link":"https:\/\/discgolfhyvinkaa.net\/New\/jasenedut\/","title":{"rendered":"J\u00e4senedut"},"content":{"rendered":"\n<p><\/p>\n\n\n\n<p>Powergrip tarjoaa j\u00e4senetuna alennuksia tuotteistaan. Alennukset saat rekister\u00f6itym\u00e4ll\u00e4 Powergrip:n nettikauppaan. Rekister\u00f6ityess\u00e4si valitse seura. Seuran yhteyshenkil\u00f6 saa s\u00e4hk\u00f6postitse rekister\u00f6intipyynn\u00f6n ja hyv\u00e4ksymisen j\u00e4lkeen j\u00e4senedut astuvat voimaan.<\/p>\n\n\n\n<figure class=\"wp-block-image is-resized\"><a href=\"https:\/\/powergrip.fi\/\" target=\"_blank\" rel=\" noreferrer noopener\"><img decoding=\"async\" src=\"https:\/\/img.powergrip.fi\/downloads\/logos\/Powergrip_Bar_Logo_Lime_BG.png\" alt=\"\" style=\"aspect-ratio:4.061269146608315;width:329px;height:auto\"\/><\/a><\/figure>\n\n\n\n<hr class=\"wp-block-separator has-alpha-channel-opacity\"\/>\n\n\n\n<p>Discsport tarjoaa j\u00e4senetuna alennuksia kiekkotilauksista. Alennus on v\u00e4hint\u00e4\u00e4n 1\u20ac\/kiekko. Alennustaso m\u00e4\u00e4r\u00e4ytyy seuran listalla olevien henkil\u00f6iden m\u00e4\u00e4r\u00e4n mukaan. Saadaksesi alennukset rekister\u00f6idy Discsportin sivulla. Muista valita my\u00f6s seura. Rekister\u00f6itymisen j\u00e4lkeen ilmoita yhteyshenkil\u00f6lle s\u00e4hk\u00f6postiosoite, jolla rekister\u00f6idyit.(Yhteydenotot sihteeri@discgolfhyvinkaa.net)<\/p>\n\n\n\n<figure class=\"wp-block-image is-resized\"><a href=\"https:\/\/discsport.se\/\" target=\"_blank\" rel=\"noreferrer noopener\"><img decoding=\"async\" src=\"https:\/\/discsport.se\/grafik\/logo\/discsport-logo-540px.webp\" alt=\"\" style=\"aspect-ratio:3.750328201456021;width:320px;height:auto\"\/><\/a><\/figure>\n\n\n\n<hr class=\"wp-block-separator has-alpha-channel-opacity\"\/>\n\n\n\n<p>Varuste.net tarjoaa alennukset&nbsp;Disc Golf Hyvink\u00e4\u00e4n j\u00e4senille. Alennukset&nbsp;saatavilla liikkeest\u00e4 sek\u00e4 nyt my\u00f6s nettikaupasta.&nbsp;Ohjeet alennusten saamiseen saat yhteyshenkil\u00f6lt\u00e4. (Yhteydenotot sihteeri@discgolfhyvinkaa.net)<\/p>\n\n\n\n<figure class=\"wp-block-image is-resized\"><a href=\"https:\/\/varuste.net\/\" target=\"_blank\" rel=\"noreferrer noopener\"><img decoding=\"async\" src=\"https:\/\/varuste.net\/tiedostot\/1\/muut\/Brandbank\/varuste.net\/Varuste.net_logo_RGB%20%281%29.jpg\" alt=\"\" style=\"aspect-ratio:3.8703870387038704;width:341px;height:auto\"\/><\/a><\/figure>\n\n\n\n<p><\/p>\n","protected":false},"excerpt":{"rendered":"<p>Powergrip tarjoaa j\u00e4senetuna alennuksia tuotteistaan. Alennukset saat rekister\u00f6itym\u00e4ll\u00e4 Powergrip:n nettikauppaan. Rekister\u00f6ityess\u00e4si valitse seura. Seuran yhteyshenkil\u00f6 saa s\u00e4hk\u00f6postitse rekister\u00f6intipyynn\u00f6n ja hyv\u00e4ksymisen j\u00e4lkeen j\u00e4senedut astuvat voimaan. Discsport tarjoaa j\u00e4senetuna alennuksia kiekkotilauksista. Alennus on v\u00e4hint\u00e4\u00e4n 1\u20ac\/kiekko. Alennustaso m\u00e4\u00e4r\u00e4ytyy seuran listalla olevien henkil\u00f6iden m\u00e4\u00e4r\u00e4n mukaan. Saadaksesi alennukset rekister\u00f6idy Discsportin sivulla. Muista valita my\u00f6s seura. Rekister\u00f6itymisen j\u00e4lkeen ilmoita yhteyshenkil\u00f6lle s\u00e4hk\u00f6postiosoite, &#8230; <a title=\"J\u00e4senedut\" class=\"read-more\" href=\"https:\/\/discgolfhyvinkaa.net\/New\/jasenedut\/\" aria-label=\"Read more about J\u00e4senedut\">Read more<\/a><\/p>\n","protected":false},"author":1,"featured_media":0,"parent":0,"menu_order":0,"comment_status":"closed","ping_status":"closed","template":"","meta":{"footnotes":""},"class_list":["post-209","page","type-page","status-publish"],"_links":{"self":[{"href":"https:\/\/discgolfhyvinkaa.net\/New\/wp-json\/wp\/v2\/pages\/209","targetHints":{"allow":["GET"]}}],"collection":[{"href":"https:\/\/discgolfhyvinkaa.net\/New\/wp-json\/wp\/v2\/pages"}],"about":[{"href":"https:\/\/discgolfhyvinkaa.net\/New\/wp-json\/wp\/v2\/types\/page"}],"author":[{"embeddable":true,"href":"https:\/\/discgolfhyvinkaa.net\/New\/wp-json\/wp\/v2\/users\/1"}],"replies":[{"embeddable":true,"href":"https:\/\/discgolfhyvinkaa.net\/New\/wp-json\/wp\/v2\/comments?post=209"}],"version-history":[{"count":6,"href":"https:\/\/discgolfhyvinkaa.net\/New\/wp-json\/wp\/v2\/pages\/209\/revisions"}],"predecessor-version":[{"id":248,"href":"https:\/\/discgolfhyvinkaa.net\/New\/wp-json\/wp\/v2\/pages\/209\/revisions\/248"}],"wp:attachment":[{"href":"https:\/\/discgolfhyvinkaa.net\/New\/wp-json\/wp\/v2\/media?parent=209"}],"curies":[{"name":"wp","href":"https:\/\/api.w.org\/{rel}","templated":true}]}}