{"id":225,"date":"2026-01-07T05:25:33","date_gmt":"2026-01-07T05:25:33","guid":{"rendered":"https:\/\/discgolfhyvinkaa.net\/New\/?page_id=225"},"modified":"2026-01-07T05:28:42","modified_gmt":"2026-01-07T05:28:42","slug":"radat","status":"publish","type":"page","link":"https:\/\/discgolfhyvinkaa.net\/New\/radat\/","title":{"rendered":"RADAT"},"content":{"rendered":"\n<p>Hyvink\u00e4\u00e4ll\u00e4 frisbeegolfin harrastajia palvelee kaksi upeaa frisbeegolfrataa \u2013 Sahanm\u00e4ki Disc Golf Park ja Nummenm\u00e4ki Disc Golf Park. Molemmat radat ovat maksuttomia k\u00e4ytt\u00e4jille. Ratojen yll\u00e4pidosta vastaavat yhteisty\u00f6ss\u00e4 Disc Golf Hyvink\u00e4\u00e4 ry ja Hyvink\u00e4\u00e4n kaupunki.<\/p>\n\n\n\n<p>Huomioithan, ett\u00e4 radoilla j\u00e4rjestet\u00e4\u00e4n aktiivisesti erilaisia kilpailuja ja niiden aikana radat ovat varattu vain kilpailijoiden k\u00e4ytt\u00f6\u00f6n.<\/p>\n\n\n\n<p><strong>Sahanm\u00e4ki Disc Golf Park<\/strong>\u00a0<a href=\"https:\/\/drive.google.com\/file\/d\/1auDXreQ1U9z6zHgjE-Q0G0834GwAmeaP\/view?usp=drive_link\">Ratakartta<\/a>\u00a0->\u00a0<a href=\"https:\/\/discgolfmetrix.com\/course\/45113\" target=\"_blank\" rel=\"noreferrer noopener\">TALVIRA RATA 2025-2026<\/a><\/p>\n\n\n\n<ul class=\"wp-block-list\">\n<li>Perustettu: 2011<\/li>\n\n\n\n<li>Suunnittelija: Jussi Meresmaa (Innova Europe)<\/li>\n\n\n\n<li>Uudistettu: 2015, 2019, 2021 ja 2023 (heittopaikat, v\u00e4yl\u00e4muutoksia)<\/li>\n\n\n\n<li>V\u00e4ylien lukum\u00e4\u00e4r\u00e4: 20<\/li>\n\n\n\n<li>V\u00e4ylien yhteispituus: 1987m<\/li>\n\n\n\n<li>Radan par: 63 heittoa<\/li>\n\n\n\n<li>Heittopaikat: 2 x 4m, tekonurmi<\/li>\n\n\n\n<li>Harjoittelu: Harjoittelukentt\u00e4, heittoverkko, harjoittelukoreja<\/li>\n\n\n\n<li>Pys\u00e4k\u00f6intialueet: Niinist\u00f6nkadun varressa ja Lentokent\u00e4nkeh\u00e4tien varressa. Huomioithan, nurmialueille pys\u00e4k\u00f6inti on kielletty\u00e4<\/li>\n<\/ul>\n\n\n\n<p><strong>Nummenm\u00e4ki Disc Golf Park<\/strong>&nbsp;Ratakartta<\/p>\n\n\n\n<ul class=\"wp-block-list\">\n<li>Perustettu: 2014<\/li>\n\n\n\n<li>Suunnittelija: Jussi Meresmaa (Innova Europe)<\/li>\n\n\n\n<li>Uudistettu: 2017 (kolme uutta v\u00e4yl\u00e4\u00e4)<\/li>\n\n\n\n<li>V\u00e4ylien lukum\u00e4\u00e4r\u00e4: 21<\/li>\n\n\n\n<li>V\u00e4ylien yhteispituus: 2691m<\/li>\n\n\n\n<li>Radan par: 70 heittoa<\/li>\n\n\n\n<li>Heittopaikat: 2 x 4m, tekonurmi<\/li>\n\n\n\n<li>Harjoittelu: Heittoverkko, harjoittelukori<\/li>\n\n\n\n<li>Pys\u00e4k\u00f6intialue: Lentokent\u00e4ntien ja Ilmailutien risteyksess\u00e4<\/li>\n<\/ul>\n","protected":false},"excerpt":{"rendered":"<p>Hyvink\u00e4\u00e4ll\u00e4 frisbeegolfin harrastajia palvelee kaksi upeaa frisbeegolfrataa \u2013 Sahanm\u00e4ki Disc Golf Park ja Nummenm\u00e4ki Disc Golf Park. Molemmat radat ovat maksuttomia k\u00e4ytt\u00e4jille. Ratojen yll\u00e4pidosta vastaavat yhteisty\u00f6ss\u00e4 Disc Golf Hyvink\u00e4\u00e4 ry ja Hyvink\u00e4\u00e4n kaupunki. Huomioithan, ett\u00e4 radoilla j\u00e4rjestet\u00e4\u00e4n aktiivisesti erilaisia kilpailuja ja niiden aikana radat ovat varattu vain kilpailijoiden k\u00e4ytt\u00f6\u00f6n. Sahanm\u00e4ki Disc Golf Park\u00a0Ratakartta\u00a0->\u00a0TALVIRA RATA 2025-2026 &#8230; <a title=\"RADAT\" class=\"read-more\" href=\"https:\/\/discgolfhyvinkaa.net\/New\/radat\/\" aria-label=\"Read more about RADAT\">Read more<\/a><\/p>\n","protected":false},"author":1,"featured_media":0,"parent":0,"menu_order":0,"comment_status":"closed","ping_status":"closed","template":"","meta":{"footnotes":""},"class_list":["post-225","page","type-page","status-publish"],"_links":{"self":[{"href":"https:\/\/discgolfhyvinkaa.net\/New\/wp-json\/wp\/v2\/pages\/225","targetHints":{"allow":["GET"]}}],"collection":[{"href":"https:\/\/discgolfhyvinkaa.net\/New\/wp-json\/wp\/v2\/pages"}],"about":[{"href":"https:\/\/discgolfhyvinkaa.net\/New\/wp-json\/wp\/v2\/types\/page"}],"author":[{"embeddable":true,"href":"https:\/\/discgolfhyvinkaa.net\/New\/wp-json\/wp\/v2\/users\/1"}],"replies":[{"embeddable":true,"href":"https:\/\/discgolfhyvinkaa.net\/New\/wp-json\/wp\/v2\/comments?post=225"}],"version-history":[{"count":3,"href":"https:\/\/discgolfhyvinkaa.net\/New\/wp-json\/wp\/v2\/pages\/225\/revisions"}],"predecessor-version":[{"id":229,"href":"https:\/\/discgolfhyvinkaa.net\/New\/wp-json\/wp\/v2\/pages\/225\/revisions\/229"}],"wp:attachment":[{"href":"https:\/\/discgolfhyvinkaa.net\/New\/wp-json\/wp\/v2\/media?parent=225"}],"curies":[{"name":"wp","href":"https:\/\/api.w.org\/{rel}","templated":true}]}}