{"id":66,"date":"2025-12-09T18:21:38","date_gmt":"2025-12-09T18:21:38","guid":{"rendered":"https:\/\/discgolfhyvinkaa.net\/New\/?page_id=66"},"modified":"2025-12-16T14:48:19","modified_gmt":"2025-12-16T14:48:19","slug":"liity-jaseneksi","status":"publish","type":"page","link":"https:\/\/discgolfhyvinkaa.net\/New\/liity-jaseneksi\/","title":{"rendered":"LIITY J\u00c4SENEKSI"},"content":{"rendered":"\n<p><strong>J\u00e4senyydet ja hinnat 2025\u20132026 (j\u00e4senyys voimassa 8.12.2025\u201330.11.2026)<\/strong><\/p>\n\n\n\n<figure class=\"wp-block-table\"><table class=\"has-fixed-layout\"><tbody><tr><td>Miehet |&nbsp;30 \u20ac (sis\u00e4lt\u00e4\u00e4 6 \u20ac SFL j\u00e4senmaksun + trans.kulu 1,50 \u20ac)<\/td><\/tr><tr><td>Naiset |&nbsp;20 \u20ac (sis\u00e4lt\u00e4\u00e4 6 \u20ac SFL j\u00e4senmaksun + trans.kulu 1,50 \u20ac)<\/td><\/tr><tr><td>Seniorit 50+ |&nbsp;20 \u20ac&nbsp;(sis\u00e4lt\u00e4\u00e4 6 \u20ac SFL j\u00e4senmaksun + trans.kulu 1,50 \u20ac)<\/td><\/tr><tr><td>Juniorit \u226418 v |\u00a020 \u20ac\u00a0(sis\u00e4lt\u00e4\u00e4 3 \u20ac SFL j\u00e4senmaksun + trans.kulu 1,50 \u20ac)<\/td><\/tr><\/tbody><\/table><\/figure>\n\n\n\n<ol class=\"wp-block-list\">\n<li>Valitse kutsulinkki\n<ul class=\"wp-block-list\">\n<li><a href=\"https:\/\/seurat.suomisport.fi\/invite\/dbcc7059-796f-4ec0-8ed4-6b512fbabaeb\" target=\"_blank\" rel=\"noreferrer noopener\">Miehet 2026<\/a><\/li>\n\n\n\n<li><a href=\"https:\/\/seurat.suomisport.fi\/invite\/3df621ef-3a5b-4b85-8398-7edd3ed3d874\" target=\"_blank\" rel=\"noreferrer noopener\">Naiset 2026<\/a><\/li>\n\n\n\n<li><a href=\"https:\/\/seurat.suomisport.fi\/invite\/7de9262c-7768-45e4-9886-6a4f0f254b52\" target=\"_blank\" rel=\"noreferrer noopener\">Seniorit 2026&nbsp;<\/a>( 1976 ja sit\u00e4 ennen syntyneet )<\/li>\n\n\n\n<li><a href=\"https:\/\/seurat.suomisport.fi\/invite\/9a5dad53-2a76-495e-b25b-5f5435d18480\" target=\"_blank\" rel=\"noreferrer noopener\">Juniorit 2026<\/a>&nbsp;( 2008 ja sen j\u00e4lkeen syntyneet )<\/li>\n<\/ul>\n<\/li>\n\n\n\n<li>Kirjaudu sis\u00e4\u00e4n tai luo Suomisport tunnus, jos sinulla ei viel\u00e4 sellaista ole.<\/li>\n\n\n\n<li>Valitse ostatko j\u00e4senyyden itsellesi vai huollettavallesi.<\/li>\n\n\n\n<li>Valitse j\u00e4senyys.<\/li>\n\n\n\n<li>HUOM! Seuran edustajan t\u00e4ytyy k\u00e4yd\u00e4 hyv\u00e4ksym\u00e4ss\u00e4 liittymispyynt\u00f6 manuaalisesti. J\u00e4senyyden voi maksaa vasta t\u00e4m\u00e4n prosessin j\u00e4lkeen. \u00c4l\u00e4 siis h\u00e4t\u00e4ile, jos maksuvaihtoehtoa ei heti n\u00e4y. Seuran j\u00e4senvastaava k\u00e4y hyv\u00e4ksym\u00e4ss\u00e4 j\u00e4senet p\u00e4\u00e4s\u00e4\u00e4nt\u00f6isesti kerran viikossa perjantaisin.<\/li>\n<\/ol>\n\n\n\n<p><strong>J\u00e4senyyden maksaminen<\/strong><\/p>\n\n\n\n<ol class=\"wp-block-list\">\n<li>Kun liittymispyynt\u00f6si on hyv\u00e4ksytty, voit siirty\u00e4 Suomisport profiiliisi ja valita p\u00e4\u00e4valikosta kohta Maksut (oikealla yl\u00e4valikossa tietokoneella\/kolmen palkin alta k\u00e4nnyk\u00e4ll\u00e4).<\/li>\n\n\n\n<li>Avoimista maksuista p\u00e4\u00e4set maksamaan j\u00e4senyytesi.<\/li>\n\n\n\n<li>Kun maksu on suoritettu loppuun, olet Discgolf Hyvink\u00e4\u00e4 seuran j\u00e4sen.<\/li>\n<\/ol>\n\n\n\n<p><strong>Lisenssin ja\/tai vakuutuksen ostaminen<\/strong><\/p>\n\n\n\n<ul class=\"wp-block-list\">\n<li>SFL:n kilpailulisenssin kaudelle 2026 voi ostaa Suomisportista 15.12.2025 alkaen.<\/li>\n\n\n\n<li>Sporttiturva-vakuutuksen voi ostaa Suomisportista 1.1.2026 alkaen.<\/li>\n<\/ul>\n\n\n\n<figure class=\"wp-block-table\"><table class=\"has-fixed-layout\"><tbody><tr><td><strong>Lisenssimaksut 2026 (voimassa 1.1.\u201330.11.26)<\/strong><\/td><td><strong>Sporttiturva<\/strong>&nbsp;<strong>2026<\/strong>&nbsp;<strong>(voimassa 1.1.\u201330.11.26)<\/strong><\/td><\/tr><tr><td>Aikuinen 70 \u20ac + trans.kulu 1,50 \u20ac<\/td><td>160 \u20ac (v. 1996&nbsp; tai aiemmin syntyneet)<\/td><\/tr><tr><td>Juniori 36 \u20ac + trans.kulu 1,50 \u20ac<\/td><td>80 \u20ac (v. 1997 tai my\u00f6hemmin syntyneet)<\/td><\/tr><\/tbody><\/table><\/figure>\n\n\n\n<ol class=\"wp-block-list\">\n<li>Mene profiilissasi kohtaan Ostamaan.<\/li>\n\n\n\n<li>Valitse Lisenssin osto. Voit halutessasi ostaa vakuutuksen samalla tai ostaa sen my\u00f6hemmin erikseen. Samaan aikaan ostettu vakuutus menee samoilla transaktiokuluilla. Vakuutus ei ole pakollinen.<\/li>\n\n\n\n<li>Valitse ostatko j\u00e4senyyden itsellesi vai lapsellesi.<\/li>\n\n\n\n<li>Etsi listasta \u201dFrisbeegolf \u2013 Suomen frisbeegolfliitto ry\u201d.<\/li>\n\n\n\n<li>Seuraavissa kohdissa valitaan lisenssi ja seura mit\u00e4 edustat.<\/li>\n\n\n\n<li>Seuraavassa kohdassa voit halutessasi lis\u00e4t\u00e4 sporttivakuutuksen tilaukseesi.<\/li>\n\n\n\n<li>Siirry maksamaan.<\/li>\n<\/ol>\n\n\n\n<p><strong>Lisenssin hankinnan j\u00e4lkeen<\/strong><\/p>\n\n\n\n<ol start=\"1\" class=\"wp-block-list\">\n<li>Jos olet vasta rekister\u00f6itynyt Suomisporttiin&nbsp; ja olet ottanut SFL:n kilpailulisenssin niin lis\u00e4\u00e4 Suomisport-tilin lajikohtaisiin lis\u00e4tietoihin PDGA-numerosi, kun saat siit\u00e4 vahvistuksen s\u00e4hk\u00f6postiisi muutaman p\u00e4iv\u00e4n sis\u00e4ll\u00e4.<\/li>\n\n\n\n<li>P\u00e4ivit\u00e4 tarvittaessa Discgolf Metrixiin k\u00e4ytt\u00e4j\u00e4tietoihin SuomiSport-ID:si. T\u00e4m\u00e4 tieto l\u00f6ytyy Suomisportin k\u00e4ytt\u00e4j\u00e4tietojen etusivulta.<\/li>\n<\/ol>\n\n\n\n<p><strong>Seuratiedon lis\u00e4\u00e4minen Metrixiin<\/strong><\/p>\n\n\n\n<ul class=\"wp-block-list\">\n<li>Kun olet ostanut j\u00e4senyyden SuomiSportin kautta voit laittaa Metrixin kautta liittymispyynn\u00f6n seuraan. Jos j\u00e4senyytesi on kunnossa seuran Metrix k\u00e4ytt\u00e4j\u00e4t lis\u00e4\u00e4v\u00e4t sinut seuraan. Jos pyynn\u00f6n l\u00e4hett\u00e4misess\u00e4 on ongelmia niin laita viesti\u00e4&nbsp;<a href=\"mailto:sihteeri@discgolfhyvinkaa.net\">sihteeri@discgolfhyvinkaa.net<\/a>.<\/li>\n\n\n\n<li>Jos sinulla on useita Metrix-tunnuksia niin huolehdi, ett\u00e4 poistat \u201dvialliset\u201d tunnukset.<\/li>\n<\/ul>\n","protected":false},"excerpt":{"rendered":"<p>J\u00e4senyydet ja hinnat 2025\u20132026 (j\u00e4senyys voimassa 8.12.2025\u201330.11.2026) Miehet |&nbsp;30 \u20ac (sis\u00e4lt\u00e4\u00e4 6 \u20ac SFL j\u00e4senmaksun + trans.kulu 1,50 \u20ac) Naiset |&nbsp;20 \u20ac (sis\u00e4lt\u00e4\u00e4 6 \u20ac SFL j\u00e4senmaksun + trans.kulu 1,50 \u20ac) Seniorit 50+ |&nbsp;20 \u20ac&nbsp;(sis\u00e4lt\u00e4\u00e4 6 \u20ac SFL j\u00e4senmaksun + trans.kulu 1,50 \u20ac) Juniorit \u226418 v |\u00a020 \u20ac\u00a0(sis\u00e4lt\u00e4\u00e4 3 \u20ac SFL j\u00e4senmaksun + trans.kulu 1,50 &#8230; <a title=\"LIITY J\u00c4SENEKSI\" class=\"read-more\" href=\"https:\/\/discgolfhyvinkaa.net\/New\/liity-jaseneksi\/\" aria-label=\"Read more about LIITY J\u00c4SENEKSI\">Read more<\/a><\/p>\n","protected":false},"author":1,"featured_media":0,"parent":0,"menu_order":0,"comment_status":"closed","ping_status":"closed","template":"","meta":{"footnotes":""},"class_list":["post-66","page","type-page","status-publish"],"_links":{"self":[{"href":"https:\/\/discgolfhyvinkaa.net\/New\/wp-json\/wp\/v2\/pages\/66","targetHints":{"allow":["GET"]}}],"collection":[{"href":"https:\/\/discgolfhyvinkaa.net\/New\/wp-json\/wp\/v2\/pages"}],"about":[{"href":"https:\/\/discgolfhyvinkaa.net\/New\/wp-json\/wp\/v2\/types\/page"}],"author":[{"embeddable":true,"href":"https:\/\/discgolfhyvinkaa.net\/New\/wp-json\/wp\/v2\/users\/1"}],"replies":[{"embeddable":true,"href":"https:\/\/discgolfhyvinkaa.net\/New\/wp-json\/wp\/v2\/comments?post=66"}],"version-history":[{"count":4,"href":"https:\/\/discgolfhyvinkaa.net\/New\/wp-json\/wp\/v2\/pages\/66\/revisions"}],"predecessor-version":[{"id":191,"href":"https:\/\/discgolfhyvinkaa.net\/New\/wp-json\/wp\/v2\/pages\/66\/revisions\/191"}],"wp:attachment":[{"href":"https:\/\/discgolfhyvinkaa.net\/New\/wp-json\/wp\/v2\/media?parent=66"}],"curies":[{"name":"wp","href":"https:\/\/api.w.org\/{rel}","templated":true}]}}